Suppose l - 4 = -2*a - 0*l, 4*a + 3*l = 8. Let o(b) = -b - 187. Let q be o(-32). Let t = -137 - q. What is the greatest common factor of a and t?
2
Let f(i) = i**2 + 12*i - 15. Let v be f(-13). Let s(d) = 32*d**2 + d - 2. Let z be s(v). Calculate the highest common divisor of z and 155.
31
Suppose 3*u - 13*u + 3150 = 0. Let m = -63 + 238. Suppose 4*x = -x + m. Calculate the greatest common factor of u and x.
35
Suppose 13*m - 6*m - 35 = 0. Suppose m*g = -15, g - 22 + 229 = 3*x. Suppose 92 = 5*a - x. Calculate the highest common divisor of 80 and a.
16
Let h be (-2068)/329*-49 + 2*2*-2. What is the highest common factor of 7050 and h?
150
Let t = 5 - 154. Let g = t - -145. Let x = g + 24. Calculate the greatest common factor of x and 100.
20
Let h be 180/8*(-442)/(-1989). What is the highest common divisor of h and 24595?
5
Suppose 4*n - 6798 = -o, 7*n - 5*o = 4*n + 5133. Calculate the highest common factor of 27 and n.
27
Suppose -5*n + 201 = -g + 2722, -3*g + 3*n + 7611 = 0. Calculate the highest common divisor of g and 385.
77
Let x = 3209 + -3158. Calculate the greatest common divisor of x and 391.
17
Let n(a) = a**2 + 8*a - 18. Let o be n(-11). Suppose 15*x = 11*x + 20. Calculate the highest common factor of x and o.
5
Suppose -2*r - 2*j + 186 = 0, -5*r - j + 186 = -291. Let a = 58 + -34. Calculate the greatest common divisor of r and a.
24
Suppose 8*t = -97 + 169. Let d be (-3)/(-9)*t - -7. What is the highest common factor of 90 and d?
10
Let x be -5 + 0 + 136 + -5. Suppose -x*o = -131*o + 120. Let c = -11 - -23. What is the highest common divisor of o and c?
12
Let i be 1*(-255)/(-45)*6. What is the highest common factor of 10319 and i?
17
Let d(t) = -t**2 + 9*t + 4. Let z be d(6). Let k(y) = 74*y + y**2 + 79*y - 158*y - 11. Let n be k(-6). Calculate the highest common factor of z and n.
11
Let p(w) = 2*w**3 + 3*w**2 - 2. Let c be p(-2). Let g be 14/21*(-1107)/c. What is the greatest common divisor of 82 and g?
41
Suppose 44 = 2*l + 4*x, -12*x + 8 = -8*x. Let h be 1 + 2/(-2)*-89. Suppose 13*p = l*p - h. Calculate the highest common divisor of 6 and p.
6
Let x be -3 + (-2)/3*8757/6. Let q = -599 - x. What is the highest common factor of q and 29?
29
Suppose -2*v + 2*t - 8 = 0, t - 2*t = 3*v + 24. Let d(f) = -f**2 - 7*f - 5. Let k be d(v). Let l = 55 + k. Calculate the highest common divisor of l and 10.
10
Suppose -7*j - 8 = -3*u - 3*j, -4*u + 4*j + 8 = 0. Let r be u + -6 - -4 - -130. Calculate the highest common factor of 96 and r.
32
Suppose -2*w + 44*q - 45*q + 5061 = 0, -2*w = -4*q - 5036. What is the highest common divisor of w and 32?
32
Let g(o) = o**2 + o + 3. Let z be g(-2). Suppose -4*l + 100 = -z*l. Let h = -15 - l. Calculate the greatest common factor of h and 34.
17
Let u(w) = 17*w + 224. Let i(h) = -h + 3. Let y(p) = -6*i(p) + u(p). Let o be y(-6). Calculate the greatest common factor of o and 884.
68
Suppose 461 = 14*k - 1131 + 472. Calculate the highest common factor of 2768 and k.
16
Let o be (2/(-4))/((-2)/4*1). Let s be (-518)/(o + -3) + 0. Suppose -d - 2*d + 5*i + 131 = 0, i + 189 = 5*d. What is the highest common divisor of s and d?
37
Suppose 28*r - 138093 + 35949 = 0. What is the highest common divisor of 4 and r?
4
Suppose -40 = -4*l + 36. Let u(r) = 5*r - 10. Let k be u(27). Let x = -30 + k. What is the greatest common divisor of x and l?
19
Let c be -5 + 4 - 3/(3/(-10)). Calculate the greatest common factor of c and 26.
1
Let q(d) = -2*d - 11. Let k be q(-14). Suppose 0 = -k*u + 16*u + 28. Calculate the greatest common divisor of 196 and u.
28
Let q(l) = -30*l**2 - 367*l + 22. Let g be q(-11). What is the greatest common divisor of 264 and g?
33
Let t be 1791/(-2388) + (0 - 1067/(-4)). What is the greatest common factor of t and 665?
133
Suppose 0*a + 136 = 2*a. Let x(r) = 85*r + 3574. Let c be x(-42). Calculate the greatest common factor of a and c.
4
Let d = 3071 + -2866. What is the highest common factor of 205 and d?
205
Let a = -17515 - -18178. What is the greatest common factor of a and 2496?
39
Suppose 18*j - 128150 - 71218 = 0. What is the greatest common divisor of 312 and j?
156
Suppose 0 = -3*k + 4*x + 8 - 0, k - 7 = -3*x. Let y(q) = 6*q**2 + 13*q + 9. Let h be y(-3). Calculate the greatest common factor of k and h.
4
Suppose -91541 + 4921270 = 247*p + 332106. What is the greatest common factor of 131 and p?
131
Let n(s) = 111*s**3 - s**2 + s + 5. Let g be n(2). Suppose -5*q - 4*d + 153 = 0, -q - 2*q = -4*d - 111. What is the greatest common factor of g and q?
33
Let u be (-112 + -96)/(-1*2). What is the greatest common divisor of 481 and u?
13
Let c(y) = -2*y**3 - y. Let q = 57 + -59. Let g be c(q). What is the greatest common factor of 90 and g?
18
Suppose 3*o - 5*o = 10. Let x be 1/(o + 13/((-91)/(-36))). What is the highest common divisor of 371 and x?
7
Let u = 5074 + -3823. What is the highest common factor of 27 and u?
9
Suppose 32*o - 65*o - 142 = -35*o. Calculate the greatest common divisor of o and 11147.
71
Let c be (-1 - 7)*(10/(-8))/((-2860)/(-10296)). Let y = 2 - 1. What is the greatest common factor of c and y?
1
Suppose 0 = 4*x + 3*l - 187, 5*x + 3*l - 2*l = 220. Let v = x - -20. Let k be (-164)/1722 - (-894)/126. What is the greatest common divisor of v and k?
7
Let m = 31 + -59. Let r be 2*1*(-14)/m. Let d(f) = 32*f**3 - 2*f + 2. Let v be d(r). What is the highest common factor of 8 and v?
8
Let d be 125/45 - (-4)/18. Let s be -22*(-1)/(-4)*(-18)/33*17. Calculate the greatest common divisor of d and s.
3
Let u be 20 - 10 - (3 - 2). Let a(y) = -y**3 + 7*y**2 + 20*y + 4. Let i be a(u). Let o be 4/(-18) - (-3568)/18. What is the highest common factor of o and i?
22
Let r = 617 + -941. Let s be 2 + -2 + (-6 - r). Suppose 3*d + s = 4*t, 4*t = 4*d - 5*d + 326. What is the highest common factor of 27 and t?
27
Let c = 3411 - 3376. What is the highest common factor of c and 532?
7
Suppose 2*j + 140 - 386 = 0. Let q = 221 - j. Calculate the highest common divisor of 49 and q.
49
Let t(m) = -2*m**3 + 3*m**2 + 3*m - 4. Let d be t(-4). Suppose 1 = -36*a + 721. What is the greatest common factor of a and d?
20
Suppose -3*i + 5852 = 2*n, -141*i + 138*i = 3*n - 8778. Calculate the greatest common divisor of 1078 and n.
154
Let f(b) = 339*b**2 - 2*b - 1. Let a be f(-1). Let o = a + -262. Calculate the greatest common divisor of o and 130.
26
Let z(y) = y**2 + 137*y - 2036. Let h be z(25). Calculate the highest common divisor of h and 159.
53
Suppose 16 = -2*l + 22. Suppose -4*n - 5*y + 32 = 0, l*n + 39*y - 47 = 41*y. Calculate the highest common divisor of 767 and n.
13
Let q(x) = 145*x**3 + 5*x**2 + 26*x - 62. Let h be q(2). What is the highest common divisor of h and 120?
30
Let w(m) = m**3 + 4*m**2 + 3*m. Let n be w(-2). Suppose 7*g = n*g + 15. Let b be (g + -1)/((-231)/(-114) + -2). Calculate the highest common factor of 19 and b.
19
Let g be 129 - 4/8*-2. Suppose g*o = 126*o. Suppose 3*f - 2*p - 655 = o, -5*f + 1077 = -0*p + 4*p. What is the highest common divisor of 31 and f?
31
Let u(j) = 2*j**3 - 8*j**2 - 31*j - 48. Let f be u(8). Calculate the highest common factor of 243 and f.
27
Let n(m) = -3*m**2 + 42*m - 11. Let s be n(13). Let u(r) = 2*r + 18. Let y be u(s). What is the highest common factor of 111 and y?
37
Suppose 2*o - 2*y - 2590 = -6*y, -2558 = -2*o + 4*y. What is the highest common divisor of 88 and o?
11
Suppose -2*n - 2 = 5*c, 2 = 4*c - 5*n - 3. Let q be (-1 + c)*0 + 50. Let h = -115130 - -115150. Calculate the highest common factor of q and h.
10
Let a be ((-72)/10)/((-786)/1310). Suppose 4*f = 244 + 140. Calculate the greatest common factor of f and a.
12
Let t = 26092 - 25751. Calculate the highest common divisor of 407 and t.
11
Suppose 0 = 194*p - 203*p + 5202. Let q = -123 + -125. Let a = p + q. Calculate the greatest common divisor of a and 30.
30
Let m(g) = -g**2 + 15*g - 1. Let y be m(10). Suppose -3*b + 2*x = -y, -4*b + 46 = -2*b - 4*x. What is the greatest common factor of b and 52?
13
Suppose 5*v - z - 18334 = 0, 82*z - 81*z - 18326 = -5*v. What is the greatest common divisor of 78 and v?
78
Let s = 45 + -23. Suppose -4*b + 2*b + s = 0. Let u(i) = 44*i**3 + 2*i**2 - 42*i + 40. Let a be u(1). What is the greatest common divisor of b and a?
11
Suppose -814 + 118 